{"id":33291,"date":"2026-07-18T12:30:51","date_gmt":"2026-07-18T10:30:51","guid":{"rendered":"https:\/\/galerieditesheim.ch\/exposition\/fine-art-paris\/"},"modified":"2026-05-14T14:33:51","modified_gmt":"2026-05-14T12:33:51","slug":"fine-art-paris","status":"publish","type":"exposition","link":"https:\/\/galerieditesheim.ch\/en\/exposition\/fine-art-paris\/","title":{"rendered":"Fine Art Paris"},"content":{"rendered":"<p>Fine Arts Paris &#038; La Biennale \u2013 Grand Palais<br \/>\nStand C 17<\/p>\n<p>Preview on September 18, 2026, from 3 pm to 10 pm.<\/p>\n<p>Open to the public from September 19 to 23, 2026.<\/p>\n<p><strong>Featured artists<\/strong>:<br \/>Erik Desmazi\u00e8res, Yves Dana, Irving Petlin, Pierre Edouard, Zoran Mu\u0161i\u010d, Fran\u00e7ois Rouan, and Marco Tirelli.<\/p>\n<p>&nbsp;<\/p>\n","protected":false},"featured_media":33290,"template":"","categories":[27,1,39,28],"class_list":["post-33291","exposition","type-exposition","status-publish","has-post-thumbnail","hentry","category-artistes-representes","category-current-exhibitions","category-foires","category-oeuvres-disponibles"],"acf":[],"_links":{"self":[{"href":"https:\/\/galerieditesheim.ch\/en\/wp-json\/wp\/v2\/exposition\/33291","targetHints":{"allow":["GET"]}}],"collection":[{"href":"https:\/\/galerieditesheim.ch\/en\/wp-json\/wp\/v2\/exposition"}],"about":[{"href":"https:\/\/galerieditesheim.ch\/en\/wp-json\/wp\/v2\/types\/exposition"}],"wp:featuredmedia":[{"embeddable":true,"href":"https:\/\/galerieditesheim.ch\/en\/wp-json\/wp\/v2\/media\/33290"}],"wp:attachment":[{"href":"https:\/\/galerieditesheim.ch\/en\/wp-json\/wp\/v2\/media?parent=33291"}],"wp:term":[{"taxonomy":"category","embeddable":true,"href":"https:\/\/galerieditesheim.ch\/en\/wp-json\/wp\/v2\/categories?post=33291"}],"curies":[{"name":"wp","href":"https:\/\/api.w.org\/{rel}","templated":true}]}}

<p>Fine Arts Paris &#038; La Biennale – Grand Palais<br />
Stand C 17</p>
<p>Preview on September 18, 2026, from 3 pm to 10 pm.</p>
<p>Open to the public from September 19 to 23, 2026.</p>
<p><strong>Featured artists</strong>:<br />Erik Desmazières, Yves Dana, Irving Petlin, Pierre Edouard, Zoran Mušič, François Rouan, and Marco Tirelli.</p>
<p>&nbsp;</p>
