{"id":33168,"date":"2024-04-24T16:08:50","date_gmt":"2024-04-24T14:08:50","guid":{"rendered":"https:\/\/galerieditesheim.ch\/product\/erik-desmazieres\/"},"modified":"2024-04-24T16:08:50","modified_gmt":"2024-04-24T14:08:50","slug":"erik-desmazieres","status":"publish","type":"product","link":"https:\/\/galerieditesheim.ch\/en\/product\/erik-desmazieres\/","title":{"rendered":"Erik Desmazi\u00e8res"},"content":{"rendered":"<p>Ditesheim &#038; Maffei Fine Art, 2013 | Biblioth\u00e8ques et autres curiosit\u00e9sExtraits de textes d&#8217;Olivier Rolin et Patrick Mauri\u00e8s34 pages, 31&#215;22 cm 26 reproductions en couleurs noir\/blancCHF 30.-Editions de t\u00eate tir\u00e9 \u00e0 75 exemplaires, num\u00e9rot\u00e9s et sign\u00e9s par l&#8217;artiste, contenant une eau-fprte et aquatinteBiblioth\u00e8ques et autres curiosit\u00e9s,30x22cm, CHF 550.- | Extraits de textes d&#8217;Olivier Rolin et Patrick Mauri\u00e8s34 pages, 31&#215;22 cm 26 reproductions en couleurs noir\/blancCHF 30.-Editions de t\u00eate tir\u00e9 \u00e0 75 exemplaires, num\u00e9rot\u00e9s et sign\u00e9s par l&#8217;artiste, contenant une eau-fprte et aquatinteBiblioth\u00e8ques et autres curiosit\u00e9s,30x22cm, CHF 550.-<\/p>\n","protected":false},"excerpt":{"rendered":"<p>Ditesheim &#038; Maffei Fine Art, 2013<\/p>\n","protected":false},"featured_media":32043,"comment_status":"closed","ping_status":"open","template":"","meta":{"_acf_changed":false},"product_brand":[],"product_cat":[29],"product_tag":[],"class_list":["post-33168","product","type-product","status-publish","has-post-thumbnail","product_cat-non-classifiee","first","instock","purchasable","product-type-simple"],"acf":[],"_links":{"self":[{"href":"https:\/\/galerieditesheim.ch\/en\/wp-json\/wp\/v2\/product\/33168","targetHints":{"allow":["GET"]}}],"collection":[{"href":"https:\/\/galerieditesheim.ch\/en\/wp-json\/wp\/v2\/product"}],"about":[{"href":"https:\/\/galerieditesheim.ch\/en\/wp-json\/wp\/v2\/types\/product"}],"replies":[{"embeddable":true,"href":"https:\/\/galerieditesheim.ch\/en\/wp-json\/wp\/v2\/comments?post=33168"}],"wp:featuredmedia":[{"embeddable":true,"href":"https:\/\/galerieditesheim.ch\/en\/wp-json\/wp\/v2\/media\/32043"}],"wp:attachment":[{"href":"https:\/\/galerieditesheim.ch\/en\/wp-json\/wp\/v2\/media?parent=33168"}],"wp:term":[{"taxonomy":"product_brand","embeddable":true,"href":"https:\/\/galerieditesheim.ch\/en\/wp-json\/wp\/v2\/product_brand?post=33168"},{"taxonomy":"product_cat","embeddable":true,"href":"https:\/\/galerieditesheim.ch\/en\/wp-json\/wp\/v2\/product_cat?post=33168"},{"taxonomy":"product_tag","embeddable":true,"href":"https:\/\/galerieditesheim.ch\/en\/wp-json\/wp\/v2\/product_tag?post=33168"}],"curies":[{"name":"wp","href":"https:\/\/api.w.org\/{rel}","templated":true}]}}

Erik Desmazières

<p>Ditesheim &#038; Maffei Fine Art, 2013 | Bibliothèques et autres curiositésExtraits de textes d&#8217;Olivier Rolin et Patrick Mauriès34 pages, 31&#215;22 cm 26 reproductions en couleurs noir/blancCHF 30.-Editions de tête tiré à 75 exemplaires, numérotés et signés par l&#8217;artiste, contenant une eau-fprte et aquatinteBibliothèques et autres curiosités,30x22cm, CHF 550.- | Extraits de textes d&#8217;Olivier Rolin et Patrick Mauriès34 pages, 31&#215;22 cm 26 reproductions en couleurs noir/blancCHF 30.-Editions de tête tiré à 75 exemplaires, numérotés et signés par l&#8217;artiste, contenant une eau-fprte et aquatinteBibliothèques et autres curiosités,30x22cm, CHF 550.-</p>
