{"id":33175,"date":"2024-04-24T16:08:50","date_gmt":"2024-04-24T14:08:50","guid":{"rendered":"https:\/\/galerieditesheim.ch\/product\/pierre-edouard\/"},"modified":"2024-04-24T16:08:50","modified_gmt":"2024-04-24T14:08:50","slug":"pierre-edouard","status":"publish","type":"product","link":"https:\/\/galerieditesheim.ch\/en\/product\/pierre-edouard\/","title":{"rendered":"Pierre Edouard"},"content":{"rendered":"<p>Ditesheim &#038; Maffei Fine Art, Neuch\u00e2tel, 2023 | Peintures, sculptures, oeuvres sur papierPr\u00e9face de Germain Viatte21x30cm, 18 reproductions couleurCHF 20.-(frais de port en sus) | Pr\u00e9face de Germain Viatte21x30cm, 18 reproductions couleurCHF 20.-(frais de port en sus)<\/p>\n","protected":false},"excerpt":{"rendered":"<p>Ditesheim &#038; Maffei Fine Art, Neuch\u00e2tel, 2023<\/p>\n","protected":false},"featured_media":32034,"comment_status":"closed","ping_status":"open","template":"","meta":{"_acf_changed":false},"product_brand":[],"product_cat":[29],"product_tag":[],"class_list":["post-33175","product","type-product","status-publish","has-post-thumbnail","product_cat-non-classifiee","first","instock","purchasable","product-type-simple"],"acf":[],"_links":{"self":[{"href":"https:\/\/galerieditesheim.ch\/en\/wp-json\/wp\/v2\/product\/33175","targetHints":{"allow":["GET"]}}],"collection":[{"href":"https:\/\/galerieditesheim.ch\/en\/wp-json\/wp\/v2\/product"}],"about":[{"href":"https:\/\/galerieditesheim.ch\/en\/wp-json\/wp\/v2\/types\/product"}],"replies":[{"embeddable":true,"href":"https:\/\/galerieditesheim.ch\/en\/wp-json\/wp\/v2\/comments?post=33175"}],"wp:featuredmedia":[{"embeddable":true,"href":"https:\/\/galerieditesheim.ch\/en\/wp-json\/wp\/v2\/media\/32034"}],"wp:attachment":[{"href":"https:\/\/galerieditesheim.ch\/en\/wp-json\/wp\/v2\/media?parent=33175"}],"wp:term":[{"taxonomy":"product_brand","embeddable":true,"href":"https:\/\/galerieditesheim.ch\/en\/wp-json\/wp\/v2\/product_brand?post=33175"},{"taxonomy":"product_cat","embeddable":true,"href":"https:\/\/galerieditesheim.ch\/en\/wp-json\/wp\/v2\/product_cat?post=33175"},{"taxonomy":"product_tag","embeddable":true,"href":"https:\/\/galerieditesheim.ch\/en\/wp-json\/wp\/v2\/product_tag?post=33175"}],"curies":[{"name":"wp","href":"https:\/\/api.w.org\/{rel}","templated":true}]}}

<p>Ditesheim &#038; Maffei Fine Art, Neuchâtel, 2023 | Peintures, sculptures, oeuvres sur papierPréface de Germain Viatte21x30cm, 18 reproductions couleurCHF 20.-(frais de port en sus) | Préface de Germain Viatte21x30cm, 18 reproductions couleurCHF 20.-(frais de port en sus)</p>

<p>Ditesheim &#038; Maffei Fine Art, Neuchâtel, 2023</p>
