{"id":33183,"date":"2024-04-24T16:08:50","date_gmt":"2024-04-24T14:08:50","guid":{"rendered":"https:\/\/galerieditesheim.ch\/product\/frederic-clot-2\/"},"modified":"2024-04-24T16:08:50","modified_gmt":"2024-04-24T14:08:50","slug":"frederic-clot-2","status":"publish","type":"product","link":"https:\/\/galerieditesheim.ch\/en\/product\/frederic-clot-2\/","title":{"rendered":"Fr\u00e9d\u00e9ric Clot"},"content":{"rendered":"<p>GALERIE DITESHEIM, Neuch\u00e2tel, 2008 | Tropique d&#8217;une oeuvretexte: Arnaud Robert en fran\u00e7ais48pp. 29.8&#215;23.4cm \u00a016 b\/n \u00a018 reproductions couleursCHF 25.- | texte: Arnaud Robert en fran\u00e7ais48pp. 29.8&#215;23.4cm \u00a016 b\/n \u00a018 reproductions couleurs | CHF 25.-<\/p>\n","protected":false},"excerpt":{"rendered":"<p>GALERIE DITESHEIM, Neuch\u00e2tel, 2008<\/p>\n","protected":false},"featured_media":32052,"comment_status":"closed","ping_status":"open","template":"","meta":{"_acf_changed":false},"product_brand":[],"product_cat":[29],"product_tag":[],"class_list":["post-33183","product","type-product","status-publish","has-post-thumbnail","product_cat-non-classifiee","first","instock","purchasable","product-type-simple"],"acf":[],"_links":{"self":[{"href":"https:\/\/galerieditesheim.ch\/en\/wp-json\/wp\/v2\/product\/33183","targetHints":{"allow":["GET"]}}],"collection":[{"href":"https:\/\/galerieditesheim.ch\/en\/wp-json\/wp\/v2\/product"}],"about":[{"href":"https:\/\/galerieditesheim.ch\/en\/wp-json\/wp\/v2\/types\/product"}],"replies":[{"embeddable":true,"href":"https:\/\/galerieditesheim.ch\/en\/wp-json\/wp\/v2\/comments?post=33183"}],"wp:featuredmedia":[{"embeddable":true,"href":"https:\/\/galerieditesheim.ch\/en\/wp-json\/wp\/v2\/media\/32052"}],"wp:attachment":[{"href":"https:\/\/galerieditesheim.ch\/en\/wp-json\/wp\/v2\/media?parent=33183"}],"wp:term":[{"taxonomy":"product_brand","embeddable":true,"href":"https:\/\/galerieditesheim.ch\/en\/wp-json\/wp\/v2\/product_brand?post=33183"},{"taxonomy":"product_cat","embeddable":true,"href":"https:\/\/galerieditesheim.ch\/en\/wp-json\/wp\/v2\/product_cat?post=33183"},{"taxonomy":"product_tag","embeddable":true,"href":"https:\/\/galerieditesheim.ch\/en\/wp-json\/wp\/v2\/product_tag?post=33183"}],"curies":[{"name":"wp","href":"https:\/\/api.w.org\/{rel}","templated":true}]}}

Frédéric Clot

<p>GALERIE DITESHEIM, Neuchâtel, 2008 | Tropique d&#8217;une oeuvretexte: Arnaud Robert en français48pp. 29.8&#215;23.4cm  16 b/n  18 reproductions couleursCHF 25.- | texte: Arnaud Robert en français48pp. 29.8&#215;23.4cm  16 b/n  18 reproductions couleurs | CHF 25.-</p>

<p>GALERIE DITESHEIM, Neuchâtel, 2008</p>
