{"id":33184,"date":"2024-04-24T16:08:58","date_gmt":"2024-04-24T14:08:58","guid":{"rendered":"https:\/\/galerieditesheim.ch\/product\/miklos-bokor-3\/"},"modified":"2024-04-24T16:08:58","modified_gmt":"2024-04-24T14:08:58","slug":"miklos-bokor-3","status":"publish","type":"product","link":"https:\/\/galerieditesheim.ch\/en\/product\/miklos-bokor-3\/","title":{"rendered":"Miklos Bokor"},"content":{"rendered":"<p>Mus\u00e9e Jenisch &#8211; Arts et Lettres, Vevey &#8211; GALERIE DITESHEIM, Neuch\u00e2tel, 1993 | Peintures &#038; DessinsTextes: Bernard Blatter, Yves Bonnefoy, Fran\u00e7ois Chapon, Fran\u00e7ois Ditesheim, John. E. Jackson, Pierre- Alain T\u00e2che en fran\u00e7ais123pp. 30&#215;22.5cm 15b\/n 42 reproductions couleursISBN 2-88428-005-7CHF 45.- | Textes: Bernard Blatter, Yves Bonnefoy, Fran\u00e7ois Chapon, Fran\u00e7ois Ditesheim, John. E. Jackson, Pierre- Alain T\u00e2che en fran\u00e7ais123pp. 30&#215;22.5cm 15b\/n 42 reproductions couleursISBN 2-88428-005-7 | CHF 45.-<\/p>\n","protected":false},"excerpt":{"rendered":"<p>Mus\u00e9e Jenisch &#8211; Arts et Lettres, Vevey &#8211; GALERIE DITESHEIM, Neuch\u00e2tel, 1993<\/p>\n","protected":false},"featured_media":32065,"comment_status":"closed","ping_status":"open","template":"","meta":{"_acf_changed":false},"product_brand":[],"product_cat":[29],"product_tag":[],"class_list":["post-33184","product","type-product","status-publish","has-post-thumbnail","product_cat-non-classifiee","first","instock","purchasable","product-type-simple"],"acf":[],"_links":{"self":[{"href":"https:\/\/galerieditesheim.ch\/en\/wp-json\/wp\/v2\/product\/33184","targetHints":{"allow":["GET"]}}],"collection":[{"href":"https:\/\/galerieditesheim.ch\/en\/wp-json\/wp\/v2\/product"}],"about":[{"href":"https:\/\/galerieditesheim.ch\/en\/wp-json\/wp\/v2\/types\/product"}],"replies":[{"embeddable":true,"href":"https:\/\/galerieditesheim.ch\/en\/wp-json\/wp\/v2\/comments?post=33184"}],"wp:featuredmedia":[{"embeddable":true,"href":"https:\/\/galerieditesheim.ch\/en\/wp-json\/wp\/v2\/media\/32065"}],"wp:attachment":[{"href":"https:\/\/galerieditesheim.ch\/en\/wp-json\/wp\/v2\/media?parent=33184"}],"wp:term":[{"taxonomy":"product_brand","embeddable":true,"href":"https:\/\/galerieditesheim.ch\/en\/wp-json\/wp\/v2\/product_brand?post=33184"},{"taxonomy":"product_cat","embeddable":true,"href":"https:\/\/galerieditesheim.ch\/en\/wp-json\/wp\/v2\/product_cat?post=33184"},{"taxonomy":"product_tag","embeddable":true,"href":"https:\/\/galerieditesheim.ch\/en\/wp-json\/wp\/v2\/product_tag?post=33184"}],"curies":[{"name":"wp","href":"https:\/\/api.w.org\/{rel}","templated":true}]}}

<p>Musée Jenisch &#8211; Arts et Lettres, Vevey &#8211; GALERIE DITESHEIM, Neuchâtel, 1993 | Peintures &#038; DessinsTextes: Bernard Blatter, Yves Bonnefoy, François Chapon, François Ditesheim, John. E. Jackson, Pierre- Alain Tâche en français123pp. 30&#215;22.5cm 15b/n 42 reproductions couleursISBN 2-88428-005-7CHF 45.- | Textes: Bernard Blatter, Yves Bonnefoy, François Chapon, François Ditesheim, John. E. Jackson, Pierre- Alain Tâche en français123pp. 30&#215;22.5cm 15b/n 42 reproductions couleursISBN 2-88428-005-7 | CHF 45.-</p>

<p>Musée Jenisch &#8211; Arts et Lettres, Vevey &#8211; GALERIE DITESHEIM, Neuchâtel, 1993</p>
