{"id":33191,"date":"2024-04-24T16:08:58","date_gmt":"2024-04-24T14:08:58","guid":{"rendered":"https:\/\/galerieditesheim.ch\/product\/simon-edmondson-3\/"},"modified":"2024-04-24T16:08:58","modified_gmt":"2024-04-24T14:08:58","slug":"simon-edmondson-3","status":"publish","type":"product","link":"https:\/\/galerieditesheim.ch\/en\/product\/simon-edmondson-3\/","title":{"rendered":"Simon Edmondson"},"content":{"rendered":"<p>GALERIE DITESHEIM, Neuch\u00e2tel, 2003 | Sans titretexte: Adolfo Ruig\u00f3mez en espagnol et fran\u00e7ais52pp. 26x21cm 3 n\/b 25 reproductions en couleursCHF 30.- | texte: Adolfo Ruig\u00f3mez en espagnol et fran\u00e7ais52pp. 26x21cm 3 n\/b 25 reproductions en couleurs | CHF 30.-<\/p>\n","protected":false},"excerpt":{"rendered":"<p>GALERIE DITESHEIM, Neuch\u00e2tel, 2003<\/p>\n","protected":false},"featured_media":32058,"comment_status":"closed","ping_status":"open","template":"","meta":{"_acf_changed":false},"product_brand":[],"product_cat":[29],"product_tag":[],"class_list":["post-33191","product","type-product","status-publish","has-post-thumbnail","product_cat-non-classifiee","first","instock","purchasable","product-type-simple"],"acf":[],"_links":{"self":[{"href":"https:\/\/galerieditesheim.ch\/en\/wp-json\/wp\/v2\/product\/33191","targetHints":{"allow":["GET"]}}],"collection":[{"href":"https:\/\/galerieditesheim.ch\/en\/wp-json\/wp\/v2\/product"}],"about":[{"href":"https:\/\/galerieditesheim.ch\/en\/wp-json\/wp\/v2\/types\/product"}],"replies":[{"embeddable":true,"href":"https:\/\/galerieditesheim.ch\/en\/wp-json\/wp\/v2\/comments?post=33191"}],"wp:featuredmedia":[{"embeddable":true,"href":"https:\/\/galerieditesheim.ch\/en\/wp-json\/wp\/v2\/media\/32058"}],"wp:attachment":[{"href":"https:\/\/galerieditesheim.ch\/en\/wp-json\/wp\/v2\/media?parent=33191"}],"wp:term":[{"taxonomy":"product_brand","embeddable":true,"href":"https:\/\/galerieditesheim.ch\/en\/wp-json\/wp\/v2\/product_brand?post=33191"},{"taxonomy":"product_cat","embeddable":true,"href":"https:\/\/galerieditesheim.ch\/en\/wp-json\/wp\/v2\/product_cat?post=33191"},{"taxonomy":"product_tag","embeddable":true,"href":"https:\/\/galerieditesheim.ch\/en\/wp-json\/wp\/v2\/product_tag?post=33191"}],"curies":[{"name":"wp","href":"https:\/\/api.w.org\/{rel}","templated":true}]}}

<p>GALERIE DITESHEIM, Neuchâtel, 2003 | Sans titretexte: Adolfo Ruigómez en espagnol et français52pp. 26x21cm 3 n/b 25 reproductions en couleursCHF 30.- | texte: Adolfo Ruigómez en espagnol et français52pp. 26x21cm 3 n/b 25 reproductions en couleurs | CHF 30.-</p>

<p>GALERIE DITESHEIM, Neuchâtel, 2003</p>
