{"id":33192,"date":"2024-04-24T16:08:58","date_gmt":"2024-04-24T14:08:58","guid":{"rendered":"https:\/\/galerieditesheim.ch\/product\/jean-lecoultre\/"},"modified":"2024-04-24T16:08:58","modified_gmt":"2024-04-24T14:08:58","slug":"jean-lecoultre","status":"publish","type":"product","link":"https:\/\/galerieditesheim.ch\/en\/product\/jean-lecoultre\/","title":{"rendered":"Jean Lecoultre"},"content":{"rendered":"<p>GALERIE DITESHEIM, Neuch\u00e2tel, 2007 | Vade-Mecumtexte: Christophe Gallaz en fran\u00e7ais43pp.27x22cm 17 reproductions couleursCHF 25.- | texte: Christophe Gallaz en fran\u00e7ais43pp.27x22cm 17 reproductions couleurs | CHF 25.-<\/p>\n","protected":false},"excerpt":{"rendered":"<p>GALERIE DITESHEIM, Neuch\u00e2tel, 2007<\/p>\n","protected":false},"featured_media":32053,"comment_status":"closed","ping_status":"open","template":"","meta":{"_acf_changed":false},"product_brand":[],"product_cat":[29],"product_tag":[],"class_list":["post-33192","product","type-product","status-publish","has-post-thumbnail","product_cat-non-classifiee","first","instock","purchasable","product-type-simple"],"acf":[],"_links":{"self":[{"href":"https:\/\/galerieditesheim.ch\/en\/wp-json\/wp\/v2\/product\/33192","targetHints":{"allow":["GET"]}}],"collection":[{"href":"https:\/\/galerieditesheim.ch\/en\/wp-json\/wp\/v2\/product"}],"about":[{"href":"https:\/\/galerieditesheim.ch\/en\/wp-json\/wp\/v2\/types\/product"}],"replies":[{"embeddable":true,"href":"https:\/\/galerieditesheim.ch\/en\/wp-json\/wp\/v2\/comments?post=33192"}],"wp:featuredmedia":[{"embeddable":true,"href":"https:\/\/galerieditesheim.ch\/en\/wp-json\/wp\/v2\/media\/32053"}],"wp:attachment":[{"href":"https:\/\/galerieditesheim.ch\/en\/wp-json\/wp\/v2\/media?parent=33192"}],"wp:term":[{"taxonomy":"product_brand","embeddable":true,"href":"https:\/\/galerieditesheim.ch\/en\/wp-json\/wp\/v2\/product_brand?post=33192"},{"taxonomy":"product_cat","embeddable":true,"href":"https:\/\/galerieditesheim.ch\/en\/wp-json\/wp\/v2\/product_cat?post=33192"},{"taxonomy":"product_tag","embeddable":true,"href":"https:\/\/galerieditesheim.ch\/en\/wp-json\/wp\/v2\/product_tag?post=33192"}],"curies":[{"name":"wp","href":"https:\/\/api.w.org\/{rel}","templated":true}]}}

<p>GALERIE DITESHEIM, Neuchâtel, 2007 | Vade-Mecumtexte: Christophe Gallaz en français43pp.27x22cm 17 reproductions couleursCHF 25.- | texte: Christophe Gallaz en français43pp.27x22cm 17 reproductions couleurs | CHF 25.-</p>

<p>GALERIE DITESHEIM, Neuchâtel, 2007</p>
