{"id":33197,"date":"2024-07-05T17:22:47","date_gmt":"2024-07-05T15:22:47","guid":{"rendered":"https:\/\/galerieditesheim.ch\/product\/frederic-clot-digital\/"},"modified":"2024-07-05T17:22:47","modified_gmt":"2024-07-05T15:22:47","slug":"frederic-clot-digital","status":"publish","type":"product","link":"https:\/\/galerieditesheim.ch\/en\/product\/frederic-clot-digital\/","title":{"rendered":"Fr\u00e9d\u00e9ric Clot, Digital"},"content":{"rendered":"<p><em>Fr\u00e9d\u00e9ric Clot, Digital<\/em>, avec des textes de J.J. Charlesworth, Fran\u00e7oise Jaunin, Karine Tissot, \u00e9ditions Hatje Cantz &amp; L\u2019Apage, 2024.<\/p>\n","protected":false},"excerpt":{"rendered":"<p>Fr\u00e9d\u00e9ric Clot, Digital, avec des textes de J.J. Charlesworth, Fran\u00e7oise Jaunin, Karine Tissot, \u00e9ditions Hatje Cantz &amp; L\u2019Apage, 2024.<\/p>\n","protected":false},"featured_media":32250,"comment_status":"open","ping_status":"closed","template":"","meta":{"_acf_changed":false},"product_brand":[],"product_cat":[29],"product_tag":[],"class_list":["post-33197","product","type-product","status-publish","has-post-thumbnail","product_cat-non-classifiee","first","instock","taxable","shipping-taxable","purchasable","product-type-simple"],"acf":[],"_links":{"self":[{"href":"https:\/\/galerieditesheim.ch\/en\/wp-json\/wp\/v2\/product\/33197","targetHints":{"allow":["GET"]}}],"collection":[{"href":"https:\/\/galerieditesheim.ch\/en\/wp-json\/wp\/v2\/product"}],"about":[{"href":"https:\/\/galerieditesheim.ch\/en\/wp-json\/wp\/v2\/types\/product"}],"replies":[{"embeddable":true,"href":"https:\/\/galerieditesheim.ch\/en\/wp-json\/wp\/v2\/comments?post=33197"}],"wp:featuredmedia":[{"embeddable":true,"href":"https:\/\/galerieditesheim.ch\/en\/wp-json\/wp\/v2\/media\/32250"}],"wp:attachment":[{"href":"https:\/\/galerieditesheim.ch\/en\/wp-json\/wp\/v2\/media?parent=33197"}],"wp:term":[{"taxonomy":"product_brand","embeddable":true,"href":"https:\/\/galerieditesheim.ch\/en\/wp-json\/wp\/v2\/product_brand?post=33197"},{"taxonomy":"product_cat","embeddable":true,"href":"https:\/\/galerieditesheim.ch\/en\/wp-json\/wp\/v2\/product_cat?post=33197"},{"taxonomy":"product_tag","embeddable":true,"href":"https:\/\/galerieditesheim.ch\/en\/wp-json\/wp\/v2\/product_tag?post=33197"}],"curies":[{"name":"wp","href":"https:\/\/api.w.org\/{rel}","templated":true}]}}

Frédéric Clot, Digital

<p><em>Frédéric Clot, Digital</em>, avec des textes de J.J. Charlesworth, Françoise Jaunin, Karine Tissot, éditions Hatje Cantz &amp; L’Apage, 2024.</p>

<p>Frédéric Clot, Digital, avec des textes de J.J. Charlesworth, Françoise Jaunin, Karine Tissot, éditions Hatje Cantz &amp; L’Apage, 2024.</p>
