{"id":33198,"date":"2024-07-06T15:15:16","date_gmt":"2024-07-06T13:15:16","guid":{"rendered":"https:\/\/galerieditesheim.ch\/product\/yves-dana-entre-terre-et-ciel\/"},"modified":"2024-07-06T15:15:16","modified_gmt":"2024-07-06T13:15:16","slug":"yves-dana-entre-terre-et-ciel","status":"publish","type":"product","link":"https:\/\/galerieditesheim.ch\/en\/product\/yves-dana-entre-terre-et-ciel\/","title":{"rendered":"Yves Dana, Entre terre et ciel"},"content":{"rendered":"<p>Livre-objet compos\u00e9 d&#8217;un relief en bronze encastr\u00e9 sur le dessus d&#8217;un coffret en ch\u00eane<\/p>\n","protected":false},"excerpt":{"rendered":"<p>Livre-objet compos\u00e9 d&#8217;un relief en bronze encastr\u00e9 sur le dessus d&#8217;un coffret en ch\u00eane<\/p>\n","protected":false},"featured_media":32257,"comment_status":"open","ping_status":"closed","template":"","meta":{"_acf_changed":false},"product_brand":[],"product_cat":[29],"product_tag":[],"class_list":["post-33198","product","type-product","status-publish","has-post-thumbnail","product_cat-non-classifiee","first","instock","taxable","shipping-taxable","purchasable","product-type-simple"],"acf":[],"_links":{"self":[{"href":"https:\/\/galerieditesheim.ch\/en\/wp-json\/wp\/v2\/product\/33198","targetHints":{"allow":["GET"]}}],"collection":[{"href":"https:\/\/galerieditesheim.ch\/en\/wp-json\/wp\/v2\/product"}],"about":[{"href":"https:\/\/galerieditesheim.ch\/en\/wp-json\/wp\/v2\/types\/product"}],"replies":[{"embeddable":true,"href":"https:\/\/galerieditesheim.ch\/en\/wp-json\/wp\/v2\/comments?post=33198"}],"wp:featuredmedia":[{"embeddable":true,"href":"https:\/\/galerieditesheim.ch\/en\/wp-json\/wp\/v2\/media\/32257"}],"wp:attachment":[{"href":"https:\/\/galerieditesheim.ch\/en\/wp-json\/wp\/v2\/media?parent=33198"}],"wp:term":[{"taxonomy":"product_brand","embeddable":true,"href":"https:\/\/galerieditesheim.ch\/en\/wp-json\/wp\/v2\/product_brand?post=33198"},{"taxonomy":"product_cat","embeddable":true,"href":"https:\/\/galerieditesheim.ch\/en\/wp-json\/wp\/v2\/product_cat?post=33198"},{"taxonomy":"product_tag","embeddable":true,"href":"https:\/\/galerieditesheim.ch\/en\/wp-json\/wp\/v2\/product_tag?post=33198"}],"curies":[{"name":"wp","href":"https:\/\/api.w.org\/{rel}","templated":true}]}}

<p>Livre-objet composé d&#8217;un relief en bronze encastré sur le dessus d&#8217;un coffret en chêne</p>
